 What is h(-1)?
2
Let x(z) = z**3 - 6*z**2 - 9*z + 5. What is x(7)?
-9
Let t(v) = v**3 + 11*v**2 + 10*v + 9. Give t(-10).
9
Let d(p) = p - 4. What is d(8)?
4
Let z(t) = -t**2 - 6*t + 4. What is z(-4)?
12
Let y(r) = 3*r**3 - 3*r**2 - 8*r - 7. Determine y(-3).
-91
Let p(f) = -f**2 + 22*f - 10. Determine p(22).
-10
Let h(x) = -9*x**2 + 6. What is h(2)?
-30
Let n(l) = -l**3 - 5*l**2 + 10*l + 13. What is n(-6)?
-11
Let j(v) = -10*v - 35. Give j(-4).
5
Let l(t) = 6*t**2 - 16*t - 15. Give l(-1).
7
Let l(z) = 26*z + 124. Determine l(-5).
-6
Let m(k) = -k**3 - 4*k**2 - 4*k - 12. Calculate m(-3).
-9
Let m(p) = -p**2 + 28*p + 27. Calculate m(23).
142
Let i(w) = w + 3. What is i(5)?
8
Let f(w) = 17*w + 18. Calculate f(0).
18
Let x(m) = -m**3 - 17*m**2 - 7. What is x(-17)?
-7
Let x(m) = 3*m - 7. Determine x(2).
-1
Let u(q) = 8*q + 6. Calculate u(-7).
-50
Let p(a) = a**3 - 14*a**2 - 16*a + 19. What is p(15)?
4
Let n(h) = -h + 3. What is n(6)?
-3
Let z(f) = -2*f**2 + 10*f + 44. Give z(10).
-56
Let f(i) = 4*i - 20. Determine f(11).
24
Let p(n) = n**2 + 5. Give p(0).
5
Let i(r) = -r**3 - 28*r**2 + 2*r + 57. Determine i(-28).
1
Let h(n) = 17*n - 2. Determine h(4).
66
Let m(v) = -v**3 + 12*v**2 + 2*v - 19. What is m(12)?
5
Let c(j) = -j**3 + 3*j**2 - 68*j - 142. Calculate c(-2).
14
Let h(v) = -4*v + 1. Determine h(4).
-15
Let y(c) = c**2 - 2. Determine y(-5).
23
Let p(k) = -4*k**2 - 3*k + 3. What is p(1)?
-4
Let g(n) = -n**2 - 7*n - 6. Calculate g(-6).
0
Let p(a) = 3*a**2 - 25*a + 6. Calculate p(8).
-2
Let l(t) = -5*t**2 - t + 17. What is l(4)?
-67
Let m(z) = -z**2 - 27*z + 39. What is m(-28)?
11
Let x(a) = a**3 + 7*a**2 - 8*a + 5. Give x(-8).
5
Let c(i) = -i**2 - 37*i - 341. Calculate c(-18).
1
Let a(y) = -10*y + 577. What is a(55)?
27
Let l(p) = 9*p. Determine l(-10).
-90
Let z(n) = -n**3 - 2*n**2 + n - 12. What is z(0)?
-12
Let u(f) = f**3 - f + 1. Determine u(0).
1
Let v(f) = f**3 - f**2 + 2*f - 2. Determine v(1).
0
Let d(a) = -a**2 + 4*a + 18. Calculate d(8).
-14
Let v(i) = -2*i - 6. Give v(-6).
6
Let f(p) = -2*p**2 + 16*p - 19. Give f(7).
-5
Let s(z) = z + 8. Calculate s(6).
14
Let x(d) = -8*d - 7. What is x(17)?
-143
Let b(w) = -w - 25. Give b(0).
-25
Let m(o) = -19*o - 12. What is m(-2)?
26
Let h(l) = 2*l - 32. Give h(12).
-8
Let n(y) = -y + 5. Determine n(13).
-8
Let u(m) = -m**2 - 6*m + 11. Determine u(0).
11
Let u(q) = q**2 + 4*q + 19. Determine u(0).
19
Let w(f) = f**2 + 19*f + 127. Give w(-8).
39
Let d(s) = 7*s - 41. Give d(12).
43
Let c(a) = a**3 + 21*a**2 + 40*a - 13. Calculate c(-19).
-51
Let c(r) = r + 1. What is c(9)?
10
Let c(u) = u**3 - 4*u**2 + u + 6. What is c(4)?
10
Let z(l) = 4*l - 10. Give z(4).
6
Let l(c) = c**2 + 10*c - 13. Determine l(-10).
-13
Let n(s) = 11*s**2 - 6*s + 1. Determine n(2).
33
Let a(f) = f**2 + 22*f + 4. Calculate a(-22).
4
Let g(k) = k**3 + 2*k**2 - 2*k. Calculate g(1).
1
Let u(o) = o**3 + 3*o**2 - 5*o - 4. Determine u(-5).
-29
Let j(o) = -o**2 - 3*o - 7. What is j(-4)?
-11
Let f(o) = -5*o - 22. Calculate f(5).
-47
Let z(y) = y**3 + 6*y**2 - 6*y - 2. What is z(-7)?
-9
Let g(f) = -f**3 - 11*f**2 - 21*f + 5. Give g(-3).
-4
Let q(y) = 9*y**2 - 8*y + 1. What is q(-3)?
106
Let z(k) = 2*k - 25. What is z(11)?
-3
Let a(g) = g**3 + 9*g**2 - 23*g - 11. Determine a(-11).
0
Let t(c) = -4*c**2 + 4*c - 2. Give t(2).
-10
Let s(x) = x - 2. Give s(3).
1
Let d(b) = -9*b + 4. What is d(-1)?
13
Let p(t) = -9*t - 3. Calculate p(-4).
33
Let n(p) = p**3 - 3*p**2 - 5*p + 2. Calculate n(4).
-2
Let y(n) = -28*n + 47. What is y(2)?
-9
Let a(k) = k**3 - 6*k**2 + k + 5. Give a(6).
11
Let d(x) = 4*x + 36. Calculate d(-10).
-4
Let x(z) = -5*z + 518. Calculate x(103).
3
Let r(z) = -z**3 + 8*z**2 - 9*z - 8. Give r(7).
-22
Let z(f) = 22*f - 270. What is z(13)?
16
Let s(w) = -w**2 - 8*w - 9. Determine s(-6).
3
Let o(x) = -x + 17. Determine o(-10).
27
Let p(w) = 2*w**2 + 10*w - 2. Calculate p(-7).
26
Let a(d) = d**2 + 20*d + 11. Give a(-19).
-8
Let i(m) = -6*m + 8. What is i(6)?
-28
Let o(t) = -t**3 + 4*t**2 + 27*t - 95. Give o(3).
-5
Let z(b) = b**3 - 6*b**2 + 3*b + 7. What is z(6)?
25
Let c(a) = -4*a - 32. What is c(-8)?
0
Let u(d) = 106*d**2 + 3*d - 1. Calculate u(1).
108
Let l(f) = 2*f - 3. What is l(-5)?
-13
Let o(b) = b**2 - 11*b + 29. Determine o(6).
-1
Let j(l) = l**3 + 2*l**2 + l + 4. What is j(0)?
4
Let f(z) = -z**2 + 8*z - 1. Determine f(12).
-49
Let t(u) = u**2 + 6*u + 8. What is t(-8)?
24
Let w(u) = u + 20. Calculate w(6).
26
Let o(g) = -16*g + 1058. Calculate o(66).
2
Let q(s) = 12*s - 109. Give q(11).
23
Let r(u) = 36*u**3 - u**2 - u - 2. What is r(-1)?
-38
Let m(k) = k**2 - 6*k + 10. Calculate m(5).
5
Let o(a) = 10*a + 12. Give o(-2).
-8
Let v(h) = -6*h - 195. Give v(-27).
-33
Let p(m) = m + 24. What is p(8)?
32
Let h(k) = -k**3 - 4*k**2 + k - 8. Calculate h(-3).
-20
Let u(r) = 2*r**2 + 46*r - 23. Determine u(-23).
-23
Let q(f) = f**2 + 2*f + 15. What is q(0)?
15
Let a(j) = -18*j + 808. Determine a(45).
-2
Let r(j) = j**3 + 13*j**2 + 7*j - 17. Calculate r(-12).
43
Let s(k) = -10*k. Calculate s(-1).
10
Let u(g) = 3*g**3 - 8*g**2 + g. Give u(5).
180
Let r(s) = 14*s**2 + s + 1. Calculate r(-2).
55
Let s(t) = t**3 - 15*t**2 - 16*t - 4. Calculate s(16).
-4
Let y(f) = -f**3 - 9*f**2 + 6*f - 7. Determine y(-10).
33
Let j(x) = 19*x - 2. Determine j(-3).
-59
Let z(a) = 4*a**2 - 10*a + 7. What is z(2)?
3
Let u(l) = -l**3 + 12*l**2 + 3*l - 18. Determine u(12).
18
Let m(n) = 2*n - 27. Give m(11).
-5
Let n(a) = a**3 - 5*a**2 + a - 46. Give n(6).
-4
Let s(t) = t**3 - 3*t**2 + 6*t - 20. Determine s(4).
20
Let d(w) = -3*w**2 - 22*w + 7. Determine d(-7).
14
Let g(h) = h**2 - 19*h + 27. Calculate g(18).
9
Let f(g) = -g**3 - 2*g**2 + 2*g + 10. Determine f(-3).
13
Let t(h) = -h**3 + 9*h**2 - 9*h - 5. Calculate t(6).
49
Let s(d) = 42*d + 157. Determine s(-4).
-11
Let o(b) = 3*b + 2. Determine o(-5).
-13
Let r(y) = y**3 - 5*y**2 + y + 4. Give r(3).
-11
Let s(l) = 5*l**2 - 103*l - 42. Calculate s(21).
0
Let n(f) = -41*f - 70. Determine n(-4).
94
Let r(u) = -u**2 + 8*u - 9. Give r(9).
-18
Let u(g) = -g**3 - 11*g**2 - 21*g - 113. Calculate u(-10).
-3
Let w(f) = 4*f + 16. What is w(-7)?
-12
Let q(l) = 4*l**2 - 17*l + 90. Give q(5).
105
Let w(j) = 20*j - 9. Calculate w(-1).
-29
Let g(z) = 2*z + 6. Determine g(-2).
2
Let y(t) = -2*t**2 - 12*t + 2. What is y(-8)?
-30
Let b(h) = h**3 + 49*h**2 - 55*h - 244. Calculate b(-50).
6
Let s(p) = -3*p**2 - 2*p - 4. Calculate s(-2).
-12
Let i(s) = 2*s**2 + 13*s + 13. Determine i(-5).
-2
Let l(k) = -2*k + 37. Give l(0).
37
Let l(z) = 2*z + 1. Determine l(1).
3
Let f(t) = -2*t**2 + 16*t + 2. Determine f(11).
-64
Let t(v) = 7*v - 17. What is t(2)?
-3
Let j(z) = z**3 + 6*z**2 - 3*z - 7. Give j(-6).
11
Let v(k) = -4*k**2 - 5*k + 5. Give v(-3).
-16
Let n(v) = v**2 - 6*v. What is n(7)?
7
Let m(u) = 9*u**3 + 2*u**2 + 2*u - 1. Calculate m(2).
83
Let z(v) = 2*v + 4. What is z(0)?
4
Let t(k) = k**3 - 6*k**2 - 2. Calculate t(6).
-2
Let q(l) = -3*l**3 + 24*l**2 - 7. Give q(8).
-7
Let r(z) = 9*z + 183. Calculate r(-20).
3
Let z(m) = -m**2 + 26*m - 92. Calculate z(5).
13
Let n(t) = -t**3 - 9*t**2 - 5*t - 2. Determine n(-8).
-26
Let t(o) = -2*o**3 + 3*o**2 - 6. Calculate t(2).
-10
Let c(h) = -2*h**2 - 5*h + 3. What is c(3)?
-30
Let j(p) = -p - 18. What is j(-2)?
-16
Let b(a) = a**2 + 9*a + 13. What is b(-2)?
-1
Let w(m) = 2*m**3 - 5*m**2 + 20*m - 53. Calculate w(3).
16
Let w(h) = h + 5. Calculate w(-6).
-1
Let x(q) = q**2 - 2*q - 4. Give x(2).
-4
Let m(t) = -t + 7. What is m(-6)?
13
Let b(h) = 10*h + 103. Give b(-10).
3
Let w(v) = v**3 + 26*v**2 + v + 42. Give w(-26).
16
Let t(j) = -5*j - 187. Give t(-39).
8
Let w(j) = -j**2 - 19*j + 93. Calculate w(-23).
1
Let a(c) = c - 3. Calculate a(-7).
-10
Let h(q) = -3*q**2 + 6*q - 13. Give h(2).
-13
Let f(r) = 2*r**3 + 2*r**2 + 4*r + 2. Calculate f(-2).
-14
Let p(h) = -2*h**3 - 7*h**2 + 4*h + 2. What is p(-4)?
2
Let h(o) = 28*o**3. Determine h(1).
28
Let u(c) = -c**2 + 5*c + 107. Give u(13).
3
Let m(v) = v**3 - 9*v**2 + 10*v - 23. Calculate m(8).
-7
Let q(r) = r**2 + 8*r + 6. What is q(-4)?
-10
Let t(l) = -l - 10. Determine t(-6).
-4
Let u(m) = m**3 - 4*m**2 + 3*m - 1. Determine u(4).
11
Let h(k) = -15*k + 24. Give h(1).
9
Let c(l) = l**2 - 19*l + 13. Determine c(16).
-35
Let f(n) = -n**3 - 8*n*